001100010000
In base 9, what is 2737 + -5?
2732
In base 8, what is -34277 - -2?
-34275
In base 9, what is -2543251 - 5?
-2543256
In base 13, what is 74 - -a48?
abc
In base 11, what is 1 + -4985?
-4984
In base 15, what is -4d1 + 76?
-45a
In base 9, what is 14761 - -63?
14834
In base 14, what is -16 - -a72?
a5a
In base 7, what is 14 + 465011?
465025
In base 6, what is -244 + -51?
-335
In base 11, what is 1425 + -2a?
13a6
In base 9, what is 1 - 684270?
-684268
In base 6, what is 202002 - 2?
202000
In base 11, what is 27184a + -2?
271848
In base 10, what is -121 - -345?
224
In base 6, what is -2 + 220322?
220320
In base 9, what is -458 + 123?
-335
In base 7, what is -203 - -50131?
46625
In base 10, what is 5 + -15844?
-15839
In base 9, what is -78505 + 20?
-78475
In base 5, what is -1133 + -24243?
-30431
In base 7, what is 1 + 240530?
240531
In base 14, what is -728a75 - 5?
-728a7a
In base 11, what is -27032 - 3?
-27035
In base 11, what is -31063 - 1?
-31064
In base 7, what is 23145600 - 4?
23145563
In base 9, what is -100274 + 6?
-100267
In base 4, what is 100300222 + 11?
100300233
In base 7, what is 4 + 101042?
101046
In base 14, what is -3 - 746?
-749
In base 5, what is -11024011 + 101?
-11023410
In base 6, what is -322 + -32511?
-33233
In base 4, what is -23103 + 102?
-23001
In base 14, what is 7d - -66?
105
In base 11, what is 5 - 32a36?
-32a31
In base 10, what is -34251 + -1?
-34252
In base 8, what is -21 - 15664?
-15705
In base 5, what is 104411134 + -4?
104411130
In base 13, what is 0 - -109205?
109205
In base 7, what is -32 - -215362?
215330
In base 11, what is -7503 - -2?
-7501
In base 10, what is 1 + -3305?
-3304
In base 3, what is 22020120212 + -20?
22020120122
In base 9, what is 2334 - -13?
2347
In base 8, what is 3 - -276377?
276402
In base 9, what is -2423 + -4?
-2427
In base 6, what is 105 + -5550?
-5441
In base 16, what is -58111 - 4?
-58115
In base 7, what is 4 + -104346?
-104342
In base 16, what is -1 - 42dd?
-42de
In base 6, what is -4 + 111110?
111102
In base 13, what is 1323 + -b2c?
4c4
In base 4, what is -101111 + -232?
-102003
In base 5, what is -3110 + 1134?
-1421
In base 6, what is 3 + -12025551?
-12025544
In base 16, what is -7 - fcff?
-fd06
In base 9, what is 343 - -31562?
32015
In base 3, what is -11010220 + 0?
-11010220
In base 12, what is -5a230b - -4?
-5a2307
In base 16, what is 1 + -436?
-435
In base 9, what is -2 + -23603?
-23605
In base 11, what is 90 - -4a?
12a
In base 2, what is -101 + -110100100010?
-110100100111
In base 6, what is -23 + -110410?
-110433
In base 12, what is -4 - 126?
-12a
In base 7, what is 146 - -136503?
136652
In base 6, what is -5 - 523212?
-523221
In base 10, what is 357 + -25?
332
In base 2, what is 11110101101 - -100101011?
100011011000
In base 13, what is -316ab - 3?
-316b1
In base 15, what is -6 - 92b?
-932
In base 3, what is 12 + -10210010?
-10202221
In base 11, what is -76 - -744?
679
In base 9, what is -163808 - 2?
-163811
In base 14, what is 2a739 - 19?
2a720
In base 6, what is 354410 - -131?
354541
In base 9, what is -2 + 82741?
82738
In base 2, what is 1000001100010111 + -1?
1000001100010110
In base 10, what is 49 - 29543?
-29494
In base 10, what is -6627 + -1?
-6628
In base 12, what is -12196a - -5?
-121965
In base 11, what is 2401 + 330?
2731
In base 7, what is 21654 + -526?
21125
In base 3, what is -11022220022 - 202?
-11022221001
In base 2, what is -101010100 - -10001000?
-11001100
In base 5, what is -11224 + -10031?
-21310
In base 12, what is b93 + 462?
1435
In base 6, what is 325501 - -20?
325521
In base 7, what is 110445 - 2?
110443
In base 5, what is -2144 - 32032?
-34231
In base 4, what is 12301322 - -11?
12301333
In base 15, what is 72a41 - 5?
72a3b
In base 6, what is -123 + 204415?
204252
In base 10, what is 80 - 331?
-251
In base 12, what is 13054 + -131?
12b23
In base 12, what is 1bb96 - 8b?
1bb07
In base 7, what is -52242 + 21?
-52221
In base 7, what is -25235 + 1143?
-24062
In base 13, what is 40139 - 12?
40127
In base 15, what is -6b - 21?
-8c
In base 8, what is -746 - -470?
-256
In base 10, what is 549815 + 1?
549816
In base 3, what is 122200100 + -2?
122200021
In base 9, what is -1361881 - 5?
-1361886
In base 8, what is -756 - 2336?
-3314
In base 3, what is -10020101200 + -112?
-10020102012
In base 6, what is 54 + -1120411?
-1120313
In base 8, what is 24 - -520?
544
In base 15, what is -a4591b + 4?
-a45917
In base 5, what is 14 - -1030124?
1030143
In base 15, what is -13b6 + 10?
-13a6
In base 6, what is -14 - -4055510?
4055452
In base 11, what is 86466a + 0?
86466a
In base 13, what is -c - -1b?
c
In base 11, what is -5 + 14a03?
149a9
In base 7, what is -6 - -126545?
126536
In base 5, what is -3 + 100003014?
100003011
In base 9, what is 5 + 32221?
32226
In base 12, what is a - -17b4?
1802
In base 2, what is 1000001010010 + 111?
1000001011001
In base 14, what is 31b + -30?
2cb
In base 10, what is 29825 + -5?
29820
In base 2, what is 100 - -1001000011101?
1001000100001
In base 3, what is 10 + 122201102?
122201112
In base 7, what is 54045 - -240?
54315
In base 13, what is -21c6bb + 0?
-21c6bb
In base 8, what is 605 + 2063?
2670
In base 5, what is -1341403442 + 2?
-1341403440
In base 9, what is -78237 + -11?
-78248
In base 15, what is 13 + -a0b?
-9e8
In base 6, what is -4 + -42205001?
-42205005
In base 16, what is 101 + -2d6?
-1d5
In base 3, what is 2000012001022 + -1?
2000012001021
In base 16, what is -3a + 3d94?
3d5a
In base 14, what is 1c5d - 13?
1c4a
In base 16, what is 7f205 + -5?
7f200
In base 11, what is -518412 + -5?
-518417
In base 14, what is -1 + 36c0?
36bd
In base 7, what is 252012 + 1?
252013
In base 16, what is -9b + -35?
-d0
In base 13, what is -5496 + 16?
-5480
In base 14, what is 1 - 473d2?
-473d1
In base 15, what is -1 + -3de12?
-3de13
In base 3, what is -11220 - -2011000?
1222010
In base 6, what is -151 + 50?
-101
In base 9, what is 241 - -1081?
1332
In base 11, what is -22 + 34924?
34902
In base 5, what is -3 + 100240?
100232
In base 4, what is 113131310 + -11?
113131233
In base 10, what is 0 + 242271?
242271
In base 6, what is -235424 - 4?
-235432
In base 2, what is 11000 + -10011000?
-10000000
In base 14, what is -10 + -115cc0?
-115cd0
In base 6, what is 3343311 - 3?
3343304
In base 8, what is 115 - -45?
162
In base 8, what is 114150 - -33?
114203
In base 9, what is 111 - 6?
104
In base 11, what is 2720 - -1?
2721
In base 3, what is -122110122000 + -2?
-122110122002
In base 8, what is -64 + 30657?
30573
In base 8, what is -151141 - 2?
-151143
In base 12, what is 447 - 17?
430
In base 12, what is 156a5 - 12?
15693
In base 7, what is -5565 - -115?
-5450
In base 2, what is -111 - 100001010001?
-100001011000
In base 16, what is -15 - -499b?
4986
In base 15, what is cee69 - -3?
cee6c
In base 4, what is -200 + 31123?
30323
In base 8, what is 0 - -72411?
72411
In base 2, what is 1110111110111 - -111?
1110111111110
In base 6, what is 45402 - -1051?
50453
In base 13, what is 4a + c57?
ca4
In base 14, what is 1d + -746a?
-744b
In base 4, what is -312022 + 1000?
-311022
In base 12, what is 0 + -99a1b?
-99a1b
In base 10, what is -3 + -1157233?
-1157236
In base 12, what is 3 + 119a81?
119a84
In base 11, what is -6a24 - -a5?
-692a
In base 16, what is 1 - e18a?
-e189
In base 3, what is -210112201 + 10?
-210112121
In base 14, what is -3d9b1 - 1?
-3d9b2
In base 16, what is e7973 - -1?
e7974
In base 7, what is 6 + -1422021?
-1422012
In base 9, what is 154 + 1603?
1757
In base 9, what is 7852 - 3?
7848
In base 2, what is 1010011000111 + -1111101011?
1000011011100
In base 12, what is -6 + 537?
531
In base 8, what is 1 - 200201?
-200200
In base 11, what is 2 + 4261?
4263
In base 8, what is 1 + -4123657?
-4123656
In base 10, what is -176 + 477?
301
In base 5, what is 3 + -4140334?
-4140331
In base 4, what is -13 + -33013311?
-33013330
In base 9, what is 7 + 126164?
126172
In base 6, what is 1 - 2503551?
-2503550
In base 16, what is 62ba - 0?
62ba
In base 10, what is -387081 - 4?
-387085
In base 5, what is -41041 - 12?
-41103
In base 14, what is 34 - -512?
546
In base 6, what is -14051 - 525?
-15020
In base 8, what is -3360 + -2?
-3362
In base 11, what is -3 - -118951?
118949
In base 11, what is -24615 - 13?
-24628
In base 8, what is 1303 + -52?
1231
In base 11, 